{"id":1353,"date":"2021-11-05T12:24:31","date_gmt":"2021-11-05T12:24:31","guid":{"rendered":"https:\/\/enricnavarro.es\/enric_navarro\/?page_id=1353"},"modified":"2021-11-05T12:50:39","modified_gmt":"2021-11-05T12:50:39","slug":"formacion-particulares","status":"publish","type":"page","link":"https:\/\/enricnavarro.es\/enric_navarro\/formacion-particulares\/","title":{"rendered":"Formaci\u00f3n Particulares"},"content":{"rendered":"\n\n\n<p>Voy a exponer algunos de los casos que llevo a nivel particular:<\/p>\n\n\n\n<p>Dos empresarios de una start-up que viajan regularmente a Latinoam\u00e9rica y necesitan conocer los mecanismos de prevenci\u00f3n e identificaci\u00f3n previa de situaciones complicadas, as\u00ed como de qu\u00e9 forma proceder si se ven envueltos en una de ellas.<\/p>\n\n\n\n<p>Un menor acosado por un grupo de menores extranjeros que a golpe de navaja ya le hab\u00edan herido en dos ocasiones en el centro educativo, teniendo la polic\u00eda las manos atadas al tratarse de menores, y con miedo de mi paciente a salir a la calle por si cumpl\u00edan sus amenazas.<\/p>\n\n\n\n<p>Un menor ex-miembro de una banda que decide salir y es acosado por esta, en ocasiones mediante persuasi\u00f3n para regresar y en otras mediante amenazas.<\/p>\n\n\n\n<p>Un adolescente excluido socialmente en ocasiones en su grupo cercano con miedo a perder al &#8220;grupo&#8221; de amigos, estando completamente sometido al mismo, haciendo todo lo que se le solicita incluso cuando no est\u00e1 de acuerdo, y soportando agresiones sutiles como collejas o calmantes, adem\u00e1s de motes y mofas, o que le cojan sus pertenencias todo el tiempo, le revisen el m\u00f3vil, escriban en su nombre buscando re\u00edrse de \u00e9l, etc.<\/p>\n\n\n\n<p>Un ni\u00f1o excluido y agredido por pertenecer a una familia determinada con un apellido concreto.<\/p>\n\n\n\n<p>Un menor con falta de habilidades sociales que su forma de relaci\u00f3n con los dem\u00e1s es molestando al resto de la clase, haciendo chistes sobre los dem\u00e1s, insult\u00e1ndoles, y toc\u00e1ndoles sus pertenencias sin permiso y en ocasiones incluso peg\u00e1ndoles. Obviamente este menor es insultado y excluido por el resto, y por las tardes llora en casa porque nadie le quiere y no tiene amigos.<\/p>\n\n\n\n<p>Un ni\u00f1o, hijo de padres divorciados, cuyo padre tiene una grave enfermedad mental y el menor por orden judicial debe pasar una serie de tiempos con \u00e9l, el cual si sufre un brote destroza lo que tiene al rededor pudiendo agredir a las personas que est\u00e1n con \u00e9l.<\/p>\n\n\n\n<p>Una adolescente universitaria que tras el confinamiento covid sali\u00f3 a celebrar que ya se pod\u00eda salir y al tiempo coment\u00f3 llorando en la cena a sus padres que cre\u00eda que aquella noche varios meses antes hab\u00edan podido abusar de ella sexualmente pero que no recordaba nada.<\/p>\n\n\n\n<p>Una adolescente universitaria cuyo padre preocupado quiere que su hija sepa prevenir, identificar y actuar ante situaciones no deseadas que puedan surgirle ahora que empieza a salir de noche en entornos que podr\u00edan llegar a ser poco seguros.<\/p>\n\n\n\n<p>Un profesional de la salud que tras tener varios incidentes con familiares de pacientes (debido a las caracter\u00edsticas \u00e9tnico-sociales de la poblaci\u00f3n mayoritaria del lugar donde trabaja) decide aprender a resolver conflictos hablando, y aprender estrategias tanto de huida como de enfrentamiento en caso de ser necesarias en un futuro.<\/p>\n\n\n\n<p>Unos padres de un adulto, con trastorno del espectro autista, que necesitan poder controlar a su hijo SIN DA\u00d1ARLE en caso de que le de un brote auto l\u00edtico para que no se da\u00f1e a si mismo ni a nada ni nadie a su alrededor.<\/p>\n\n\n\n<p>Una mujer ex-v\u00edctima de violencia de g\u00e9nero, que durante a\u00f1os ha permanecido bajo orden de protecci\u00f3n, que actualmente vive sola y sigue teniendo problemas para conciliar el sue\u00f1o con el miedo a una posible futura agresi\u00f3n por parte de su expareja.<\/p>\n\n\n\n<figure class=\"wp-block-embed is-type-video is-provider-youtube wp-block-embed-youtube wp-embed-aspect-16-9 wp-has-aspect-ratio\"><div class=\"wp-block-embed__wrapper\">\n<iframe title=\"2019 \/\/ Buenos D\u00edas Madrid \/\/ Telemadrid\" width=\"500\" height=\"281\" src=\"https:\/\/www.youtube.com\/embed\/WUAgn0q0q-k?start=163&#038;feature=oembed\" frameborder=\"0\" allow=\"accelerometer; autoplay; clipboard-write; encrypted-media; gyroscope; picture-in-picture; web-share\" referrerpolicy=\"strict-origin-when-cross-origin\" allowfullscreen><\/iframe>\n<\/div><\/figure>\n\n\n\n<p>Podr\u00eda continuar, pero creo que ya es posible hacerse a la idea de algunos de los pacientes que pasan por mis manos a lo largo del a\u00f1o y los servicios que podr\u00eda llegar a prestar.<\/p>\n\n\n\n<p>Acudo a domicilio a realizar sesiones particulares tanto de mediaci\u00f3n para resoluci\u00f3n de conflictos, auto-primeros auxilios, autoprotecci\u00f3n y contenci\u00f3n f\u00edsica, protocolos de prevenci\u00f3n e identificaci\u00f3n de escenarios, etc.<\/p>\n\n\n\n<p><\/p>\n","protected":false},"excerpt":{"rendered":"<p>Voy a exponer algunos de los casos que llevo a nivel particular: Dos empresarios de una start-up que viajan regularmente a Latinoam\u00e9rica y necesitan conocer los mecanismos de prevenci\u00f3n e identificaci\u00f3n previa de situaciones complicadas, as\u00ed como de qu\u00e9 forma proceder si se ven envueltos en una de ellas. Un menor acosado por un grupo de menores extranjeros que a golpe de navaja ya le hab\u00edan herido en dos ocasiones en el centro educativo, teniendo la polic\u00eda las manos atadas al tratarse de menores, y con miedo de mi paciente a salir a la calle por si cumpl\u00edan sus amenazas. Un menor ex-miembro de una banda que decide salir y [&hellip;]<\/p>\n","protected":false},"author":8,"featured_media":0,"parent":0,"menu_order":0,"comment_status":"closed","ping_status":"closed","template":"page-templates\/page_fullwidth.php","meta":{"footnotes":""},"class_list":["post-1353","page","type-page","status-publish","hentry"],"_links":{"self":[{"href":"https:\/\/enricnavarro.es\/enric_navarro\/wp-json\/wp\/v2\/pages\/1353","targetHints":{"allow":["GET"]}}],"collection":[{"href":"https:\/\/enricnavarro.es\/enric_navarro\/wp-json\/wp\/v2\/pages"}],"about":[{"href":"https:\/\/enricnavarro.es\/enric_navarro\/wp-json\/wp\/v2\/types\/page"}],"author":[{"embeddable":true,"href":"https:\/\/enricnavarro.es\/enric_navarro\/wp-json\/wp\/v2\/users\/8"}],"replies":[{"embeddable":true,"href":"https:\/\/enricnavarro.es\/enric_navarro\/wp-json\/wp\/v2\/comments?post=1353"}],"version-history":[{"count":3,"href":"https:\/\/enricnavarro.es\/enric_navarro\/wp-json\/wp\/v2\/pages\/1353\/revisions"}],"predecessor-version":[{"id":1357,"href":"https:\/\/enricnavarro.es\/enric_navarro\/wp-json\/wp\/v2\/pages\/1353\/revisions\/1357"}],"wp:attachment":[{"href":"https:\/\/enricnavarro.es\/enric_navarro\/wp-json\/wp\/v2\/media?parent=1353"}],"curies":[{"name":"wp","href":"https:\/\/api.w.org\/{rel}","templated":true}]}}

Formación Particulares

<p>Voy a exponer algunos de los casos que llevo a nivel particular:</p>



<p>Dos empresarios de una start-up que viajan regularmente a Latinoamérica y necesitan conocer los mecanismos de prevención e identificación previa de situaciones complicadas, así como de qué forma proceder si se ven envueltos en una de ellas.</p>



<p>Un menor acosado por un grupo de menores extranjeros que a golpe de navaja ya le habían herido en dos ocasiones en el centro educativo, teniendo la policía las manos atadas al tratarse de menores, y con miedo de mi paciente a salir a la calle por si cumplían sus amenazas.</p>



<p>Un menor ex-miembro de una banda que decide salir y es acosado por esta, en ocasiones mediante persuasión para regresar y en otras mediante amenazas.</p>



<p>Un adolescente excluido socialmente en ocasiones en su grupo cercano con miedo a perder al &#8220;grupo&#8221; de amigos, estando completamente sometido al mismo, haciendo todo lo que se le solicita incluso cuando no está de acuerdo, y soportando agresiones sutiles como collejas o calmantes, además de motes y mofas, o que le cojan sus pertenencias todo el tiempo, le revisen el móvil, escriban en su nombre buscando reírse de él, etc.</p>



<p>Un niño excluido y agredido por pertenecer a una familia determinada con un apellido concreto.</p>



<p>Un menor con falta de habilidades sociales que su forma de relación con los demás es molestando al resto de la clase, haciendo chistes sobre los demás, insultándoles, y tocándoles sus pertenencias sin permiso y en ocasiones incluso pegándoles. Obviamente este menor es insultado y excluido por el resto, y por las tardes llora en casa porque nadie le quiere y no tiene amigos.</p>



<p>Un niño, hijo de padres divorciados, cuyo padre tiene una grave enfermedad mental y el menor por orden judicial debe pasar una serie de tiempos con él, el cual si sufre un brote destroza lo que tiene al rededor pudiendo agredir a las personas que están con él.</p>



<p>Una adolescente universitaria que tras el confinamiento covid salió a celebrar que ya se podía salir y al tiempo comentó llorando en la cena a sus padres que creía que aquella noche varios meses antes habían podido abusar de ella sexualmente pero que no recordaba nada.</p>



<p>Una adolescente universitaria cuyo padre preocupado quiere que su hija sepa prevenir, identificar y actuar ante situaciones no deseadas que puedan surgirle ahora que empieza a salir de noche en entornos que podrían llegar a ser poco seguros.</p>



<p>Un profesional de la salud que tras tener varios incidentes con familiares de pacientes (debido a las características étnico-sociales de la población mayoritaria del lugar donde trabaja) decide aprender a resolver conflictos hablando, y aprender estrategias tanto de huida como de enfrentamiento en caso de ser necesarias en un futuro.</p>



<p>Unos padres de un adulto, con trastorno del espectro autista, que necesitan poder controlar a su hijo SIN DAÑARLE en caso de que le de un brote auto lítico para que no se dañe a si mismo ni a nada ni nadie a su alrededor.</p>



<p>Una mujer ex-víctima de violencia de género, que durante años ha permanecido bajo orden de protección, que actualmente vive sola y sigue teniendo problemas para conciliar el sueño con el miedo a una posible futura agresión por parte de su expareja.</p>



<figure class="wp-block-embed is-type-video is-provider-youtube wp-block-embed-youtube wp-embed-aspect-16-9 wp-has-aspect-ratio"><div class="wp-block-embed__wrapper">
<iframe title="2019 // Buenos Días Madrid // Telemadrid" width="500" height="281" src="https://www.youtube.com/embed/WUAgn0q0q-k?start=163&#038;feature=oembed" frameborder="0" allow="accelerometer; autoplay; clipboard-write; encrypted-media; gyroscope; picture-in-picture; web-share" referrerpolicy="strict-origin-when-cross-origin" allowfullscreen></iframe>
</div></figure>



<p>Podría continuar, pero creo que ya es posible hacerse a la idea de algunos de los pacientes que pasan por mis manos a lo largo del año y los servicios que podría llegar a prestar.</p>



<p>Acudo a domicilio a realizar sesiones particulares tanto de mediación para resolución de conflictos, auto-primeros auxilios, autoprotección y contención física, protocolos de prevención e identificación de escenarios, etc.</p>



<p></p>

<p>Voy a exponer algunos de los casos que llevo a nivel particular: Dos empresarios de una start-up que viajan regularmente a Latinoamérica y necesitan conocer los mecanismos de prevención e identificación previa de situaciones complicadas, así como de qué forma proceder si se ven envueltos en una de ellas. Un menor acosado por un grupo de menores extranjeros que a golpe de navaja ya le habían herido en dos ocasiones en el centro educativo, teniendo la policía las manos atadas al tratarse de menores, y con miedo de mi paciente a salir a la calle por si cumplían sus amenazas. Un menor ex-miembro de una banda que decide salir y [&hellip;]</p>
