{"id":16,"date":"2014-03-12T09:47:02","date_gmt":"2014-03-12T09:47:02","guid":{"rendered":"http:\/\/enricnavarro.es\/enric_navarro\/?page_id=16"},"modified":"2020-06-12T18:59:35","modified_gmt":"2020-06-12T18:59:35","slug":"contacta","status":"publish","type":"page","link":"https:\/\/enricnavarro.es\/enric_navarro\/contacta\/","title":{"rendered":"Contacta"},"content":{"rendered":"<p style=\"text-align: justify;\">Contacta conmigo en las redes sociales que compartimos:<\/p>\n<p style=\"text-align: justify;\"><div class=\"tx-row \">\n<div class=\"tx-column tx-column-size-1-4\"><a href=\"https:\/\/www.facebook.com\/DefensaPersonalEnricNavarro\/\" target=\"_blank\" rel=\"noopener noreferrer\"><div class=\"tx-service default\" style=\"\"><div class=\"tx-service-icon\"><span><i class=\"fa fa-facebook-square\"><\/i><\/span><\/div><div class=\"tx-service-title\">Facebook<\/div><div class=\"tx-service-text\"><\/div><\/div><\/a><\/div>\n<div class=\"tx-column tx-column-size-1-4\"><a href=\"https:\/\/twitter.com\/enric_navarro\" target=\"_blank\" rel=\"noopener noreferrer\"><div class=\"tx-service default\" style=\"\"><div class=\"tx-service-icon\"><span><i class=\"fa fa-twitter-square\"><\/i><\/span><\/div><div class=\"tx-service-title\">Twitter<\/div><div class=\"tx-service-text\"><\/div><\/div><\/a><\/div>\n<div class=\"tx-column tx-column-size-1-4\"><a href=\"https:\/\/www.linkedin.com\/in\/enric-navarro-a342006a?trk=nav_responsive_tab_profile_pic\" target=\"_blank\" rel=\"noopener noreferrer\"><div class=\"tx-service default\" style=\"\"><div class=\"tx-service-icon\"><span><i class=\"fa fa-linkedin-square\"><\/i><\/span><\/div><div class=\"tx-service-title\">Linkedin<\/div><div class=\"tx-service-text\"><\/div><\/div><\/a><\/div>\n<div class=\"tx-column tx-column-size-1-4\"><a href=\"https:\/\/www.youtube.com\/c\/enricnavarro\" target=\"_blank\" rel=\"noopener noreferrer\"><div class=\"tx-service default\" style=\"\"><div class=\"tx-service-icon\"><span><i class=\"fa fa-youtube-square\"><\/i><\/span><\/div><div class=\"tx-service-title\">Youtube<\/div><div class=\"tx-service-text\"><\/div><\/div><\/a><\/div>\n<\/div><a href=\"http:\/\/enricnavarro.es\/enric_navarro\/wp-content\/uploads\/2014\/08\/facebook.jpg\"><br \/>\n<\/a><\/p>\n<p style=\"text-align: left;\"><div class=\"tx-row \">\n<div class=\"tx-column tx-column-size-1-2\"><div class=\"tx-service default\" style=\"\"><div class=\"tx-service-icon\"><span><i class=\"fa fa-phone-square\"><\/i><\/span><\/div><div class=\"tx-service-title\">Whatsapp<\/div><div class=\"tx-service-text\">+34.617.806.132<\/div><\/div><\/div>\n<div class=\"tx-column tx-column-size-1-2\"><div class=\"tx-service default\" style=\"\"><div class=\"tx-service-icon\"><span><i class=\"fa fa-envelope\"><\/i><\/span><\/div><div class=\"tx-service-title\">Mail<\/div><div class=\"tx-service-text\">enric@enricnavarro.es<\/div><\/div><\/div>\n<\/div>\n<p style=\"text-align: justify;\">O tambi\u00e9n puedes escribirme a trav\u00e9s del formulario de contacto y te responder\u00e9 tan pronto como me sea posible:<\/p>\n<p style=\"text-align: justify;\">\n<div class=\"wpcf7 no-js\" id=\"wpcf7-f69-o1\" lang=\"es-ES\" dir=\"ltr\" data-wpcf7-id=\"69\">\n<div class=\"screen-reader-response\"><p role=\"status\" aria-live=\"polite\" aria-atomic=\"true\"><\/p> <ul><\/ul><\/div>\n<form action=\"\/enric_navarro\/wp-json\/wp\/v2\/pages\/16#wpcf7-f69-o1\" method=\"post\" class=\"wpcf7-form init\" aria-label=\"Formulario de contacto\" novalidate=\"novalidate\" data-status=\"init\">\n<fieldset class=\"hidden-fields-container\"><input type=\"hidden\" name=\"_wpcf7\" value=\"69\" \/><input type=\"hidden\" name=\"_wpcf7_version\" value=\"6.1.5\" \/><input type=\"hidden\" name=\"_wpcf7_locale\" value=\"es_ES\" \/><input type=\"hidden\" name=\"_wpcf7_unit_tag\" value=\"wpcf7-f69-o1\" \/><input type=\"hidden\" name=\"_wpcf7_container_post\" value=\"0\" \/><input type=\"hidden\" name=\"_wpcf7_posted_data_hash\" value=\"\" \/><input type=\"hidden\" name=\"_wpcf7_recaptcha_response\" value=\"\" \/>\n<\/fieldset>\n<p>Su nombre (requerido)\n<\/p>\n<p><span class=\"wpcf7-form-control-wrap\" data-name=\"your-name\"><input size=\"40\" maxlength=\"400\" class=\"wpcf7-form-control wpcf7-text wpcf7-validates-as-required\" aria-required=\"true\" aria-invalid=\"false\" value=\"\" type=\"text\" name=\"your-name\" \/><\/span>\n<\/p>\n<p>Su e-mail (requerido)\n<\/p>\n<p><span class=\"wpcf7-form-control-wrap\" data-name=\"your-email\"><input size=\"40\" maxlength=\"400\" class=\"wpcf7-form-control wpcf7-email wpcf7-validates-as-required wpcf7-text wpcf7-validates-as-email\" aria-required=\"true\" aria-invalid=\"false\" value=\"\" type=\"email\" name=\"your-email\" \/><\/span>\n<\/p>\n<p>Asunto\n<\/p>\n<p><span class=\"wpcf7-form-control-wrap\" data-name=\"your-subject\"><input size=\"40\" maxlength=\"400\" class=\"wpcf7-form-control wpcf7-text wpcf7-validates-as-required\" aria-required=\"true\" aria-invalid=\"false\" value=\"\" type=\"text\" name=\"your-subject\" \/><\/span>\n<\/p>\n<p>Su mensaje\n<\/p>\n<p><span class=\"wpcf7-form-control-wrap\" data-name=\"your-message\"><textarea cols=\"40\" rows=\"10\" maxlength=\"2000\" class=\"wpcf7-form-control wpcf7-textarea\" aria-invalid=\"false\" name=\"your-message\"><\/textarea><\/span>\n<\/p>\n<p>Escribe lo siguiente en el cuadro de abajo para asegurarnos de que eres humano:<br \/>\n<input type=\"hidden\" name=\"_wpcf7_captcha_challenge_captcha-480\" value=\"1466880367\" \/><img decoding=\"async\" class=\"wpcf7-form-control wpcf7-captchac wpcf7-captcha-captcha-480\" width=\"72\" height=\"24\" alt=\"captcha\" src=\"https:\/\/enricnavarro.es\/enric_navarro\/wp-content\/uploads\/wpcf7_captcha\/1466880367.png\" \/><br \/>\n<span class=\"wpcf7-form-control-wrap\" data-name=\"captcha-480\"><input size=\"40\" class=\"wpcf7-form-control wpcf7-captchar\" autocomplete=\"off\" aria-invalid=\"false\" value=\"\" type=\"text\" name=\"captcha-480\" \/><\/span>\n<\/p>\n<p><input class=\"wpcf7-form-control wpcf7-submit has-spinner\" type=\"submit\" value=\"Enviar\" \/>\n<\/p><p style=\"display: none !important;\" class=\"akismet-fields-container\" data-prefix=\"_wpcf7_ak_\"><label>&#916;<textarea name=\"_wpcf7_ak_hp_textarea\" cols=\"45\" rows=\"8\" maxlength=\"100\"><\/textarea><\/label><input type=\"hidden\" id=\"ak_js_1\" name=\"_wpcf7_ak_js\" value=\"194\"\/><script type=\"text\/javascript\">\n\/* <![CDATA[ *\/\ndocument.getElementById( \"ak_js_1\" ).setAttribute( \"value\", ( new Date() ).getTime() );\n\/* ]]> *\/\n<\/script>\n<\/p><div class=\"wpcf7-response-output\" aria-hidden=\"true\"><\/div>\n<\/form>\n<\/div>\n\n","protected":false},"excerpt":{"rendered":"<p>Contacta conmigo en las redes sociales que compartimos: O tambi\u00e9n puedes escribirme a trav\u00e9s del formulario de contacto y te responder\u00e9 tan pronto como me sea posible:<\/p>\n","protected":false},"author":1,"featured_media":0,"parent":0,"menu_order":0,"comment_status":"closed","ping_status":"closed","template":"","meta":{"footnotes":""},"class_list":["post-16","page","type-page","status-publish","hentry"],"_links":{"self":[{"href":"https:\/\/enricnavarro.es\/enric_navarro\/wp-json\/wp\/v2\/pages\/16","targetHints":{"allow":["GET"]}}],"collection":[{"href":"https:\/\/enricnavarro.es\/enric_navarro\/wp-json\/wp\/v2\/pages"}],"about":[{"href":"https:\/\/enricnavarro.es\/enric_navarro\/wp-json\/wp\/v2\/types\/page"}],"author":[{"embeddable":true,"href":"https:\/\/enricnavarro.es\/enric_navarro\/wp-json\/wp\/v2\/users\/1"}],"replies":[{"embeddable":true,"href":"https:\/\/enricnavarro.es\/enric_navarro\/wp-json\/wp\/v2\/comments?post=16"}],"version-history":[{"count":19,"href":"https:\/\/enricnavarro.es\/enric_navarro\/wp-json\/wp\/v2\/pages\/16\/revisions"}],"predecessor-version":[{"id":1221,"href":"https:\/\/enricnavarro.es\/enric_navarro\/wp-json\/wp\/v2\/pages\/16\/revisions\/1221"}],"wp:attachment":[{"href":"https:\/\/enricnavarro.es\/enric_navarro\/wp-json\/wp\/v2\/media?parent=16"}],"curies":[{"name":"wp","href":"https:\/\/api.w.org\/{rel}","templated":true}]}}