{"id":90,"date":"2014-03-12T11:06:52","date_gmt":"2014-03-12T11:06:52","guid":{"rendered":"http:\/\/enricnavarro.es\/enric_navarro\/?page_id=90"},"modified":"2014-03-12T11:06:52","modified_gmt":"2014-03-12T11:06:52","slug":"autoproteccion-ante-atracos-y-secuestros","status":"publish","type":"page","link":"https:\/\/enricnavarro.es\/enric_navarro\/cursos-autoproteccion\/autoproteccion-ante-atracos-y-secuestros\/","title":{"rendered":"Autoprotecci\u00f3n ante atracos y secuestros"},"content":{"rendered":"<p>A much\u00edsima gente le preocupan las agresiones\u00a0m\u00faltiples, las agresiones armadas, los atracos, y los intentos de secuestro.<\/p>\n<p>&nbsp;<\/p>\n<p><strong>Objetivos:<\/strong><\/p>\n<p>En este curso, los alumnos aprender\u00e1n mediante la visualizaci\u00f3n de atracos y secuestros reales (material videogr\u00e1fico disponible en internet de c\u00e1maras de videovigilancia), los comportamientos de los agresores en este tipo de delitos, como identificar la agresi\u00f3n antes de que se produzca por el comportamiento de los agresores, como se colocar\u00e1n, y qu\u00e9 ritual seguir\u00e1n en ambos casos.<\/p>\n<p>Tambi\u00e9n aprender\u00e1n a manejar los tiempos de reacci\u00f3n, evitar el \u201cpunto de no retorno\u201d, y descubrir o provocar huecos de huida cuando la agresi\u00f3n es multiple.<\/p>\n<p>&nbsp;<\/p>\n<p><strong>Contenidos:<\/strong><\/p>\n<p>&#8211; An\u00e1lisis de Agresiones fase a fase<\/p>\n<p>&#8211; Estudio de los tiempos de reacci\u00f3n y objetivos para cada tiempo<\/p>\n<p>&#8211; Hasta qu\u00e9 punto negocio<\/p>\n<p>&#8211; A qui\u00e9n me enfrento en primer lugar<\/p>\n<p>&#8211; B\u00fasqueda de escudos improvisados<\/p>\n<p>&#8211; B\u00fasqueda y uso de armas improvisadas<\/p>\n<p>&#8211; Mecanismos de huida \u00bfcuando corro? \u00bfc\u00f3mo corro? \u00bfen qu\u00e9 direcci\u00f3n corro?<\/p>\n<div>Todos los Cursos incluyen Diploma con certificado de asistencia con n\u00famero de horas selladas por la Asociaci\u00f3n Nacional Defensa Personal Integral Investigaci\u00f3n y Desarrollo.<\/div>\n","protected":false},"excerpt":{"rendered":"<p>A much\u00edsima gente le preocupan las agresiones\u00a0m\u00faltiples, las agresiones armadas, los atracos, y los intentos de secuestro. &nbsp; Objetivos: En este curso, los alumnos aprender\u00e1n mediante la visualizaci\u00f3n de atracos y secuestros reales (material videogr\u00e1fico disponible en internet de c\u00e1maras de videovigilancia), los comportamientos de los agresores en este tipo de delitos, como identificar la agresi\u00f3n antes de que se produzca por el comportamiento de los agresores, como se colocar\u00e1n, y qu\u00e9 ritual seguir\u00e1n en ambos casos. Tambi\u00e9n aprender\u00e1n a manejar los tiempos de reacci\u00f3n, evitar el \u201cpunto de no retorno\u201d, y descubrir o provocar huecos de huida cuando la agresi\u00f3n es multiple. &nbsp; Contenidos: &#8211; An\u00e1lisis de Agresiones fase [&hellip;]<\/p>\n","protected":false},"author":1,"featured_media":0,"parent":71,"menu_order":0,"comment_status":"closed","ping_status":"closed","template":"","meta":{"_exactmetrics_skip_tracking":false,"_exactmetrics_sitenote_active":false,"_exactmetrics_sitenote_note":"","_exactmetrics_sitenote_category":0,"footnotes":""},"class_list":["post-90","page","type-page","status-publish","hentry"],"aioseo_notices":[],"_links":{"self":[{"href":"https:\/\/enricnavarro.es\/enric_navarro\/wp-json\/wp\/v2\/pages\/90","targetHints":{"allow":["GET"]}}],"collection":[{"href":"https:\/\/enricnavarro.es\/enric_navarro\/wp-json\/wp\/v2\/pages"}],"about":[{"href":"https:\/\/enricnavarro.es\/enric_navarro\/wp-json\/wp\/v2\/types\/page"}],"author":[{"embeddable":true,"href":"https:\/\/enricnavarro.es\/enric_navarro\/wp-json\/wp\/v2\/users\/1"}],"replies":[{"embeddable":true,"href":"https:\/\/enricnavarro.es\/enric_navarro\/wp-json\/wp\/v2\/comments?post=90"}],"version-history":[{"count":1,"href":"https:\/\/enricnavarro.es\/enric_navarro\/wp-json\/wp\/v2\/pages\/90\/revisions"}],"predecessor-version":[{"id":91,"href":"https:\/\/enricnavarro.es\/enric_navarro\/wp-json\/wp\/v2\/pages\/90\/revisions\/91"}],"up":[{"embeddable":true,"href":"https:\/\/enricnavarro.es\/enric_navarro\/wp-json\/wp\/v2\/pages\/71"}],"wp:attachment":[{"href":"https:\/\/enricnavarro.es\/enric_navarro\/wp-json\/wp\/v2\/media?parent=90"}],"curies":[{"name":"wp","href":"https:\/\/api.w.org\/{rel}","templated":true}]}}